 r = 42 + 11. Let b = r - 38. Let j = 20 - b. Determine l(j).
16
Let y be 1 + 8 + (1 - 2). Let x(w) = -6*w**2 + 2*w - 17. Let c(z) = 5*z**2 - z + 16. Let i(o) = 7*c(o) + 6*x(o). Give i(y).
-14
Let a be (-1)/2*(-1 + (-3)/3). Let g be (a/2)/(10/(-120)). Let m(f) = -f**3 - 7*f**2 - 7*f - 8. Determine m(g).
-2
Let s(u) be the second derivative of -u**4/12 + u**3/6 + u**2 + u. Give s(0).
2
Suppose -39*p = -40*p + 638. Let w be 4/(-18) - p/(-198). Suppose 2 - 20 = -w*z. Let j(o) = -o**3 + 5*o**2 + 6*o + 2. Calculate j(z).
2
Let r(h) be the second derivative of h**4/4 - h**3/3 - h**2 + h - 14. What is r(2)?
6
Let n(i) = i - 9. Suppose -5*g + 3*g - 2*a = -14, 4*a - 22 = -3*g. Determine n(g).
-3
Let t(p) be the third derivative of -p**6/120 - 2*p**5/15 + p**4/12 - p**3/3 - 385*p**2. What is t(-8)?
-18
Let s(g) = -g**3 - 4*g**2 - 8*g - 13. Suppose -57 = 16*d - 9. Calculate s(d).
2
Suppose -26*v + 31*v = 5. Let i(j) = -12*j - 1. Give i(v).
-13
Let t(x) be the third derivative of 0*x + 1/120*x**5 + 0 - 2*x**2 + 7/12*x**4 + 2*x**3. Let w(u) be the first derivative of t(u). Calculate w(-10).
4
Suppose 0 = -4*d - 2*a + 5*a, -3*d - a = 0. Let r(z) = z**3 - 5*z**2 - z + 3*z - 6*z + d*z - 5. Let w = -29 - -35. What is r(w)?
7
Let s(g) = -3*g - g - 2*g + 4. Suppose 146*m - 30*m + 128 - 476 = 0. What is s(m)?
-14
Let c(a) = a - 3. Let r be c(0). Suppose -4*l = -12, -4*w + 2*l + l - 5 = 0. Let m be 35/(-21) + w/r. Let u(n) = n**2 + 2*n + 2. Give u(m).
2
Let v be 20 - ((3 - -13) + -3). Let r(g) = 1 + 0*g + g - 7. What is r(v)?
1
Let q(d) = 2*d - 4. Let i(l) be the first derivative of l**3/3 + l**2/2 + 8. Let x(h) = i(h) + q(h). Calculate x(-4).
0
Suppose -310*d = -306*d + 8. Let g be ((-12)/8)/((-6)/16). Let k(h) = -h**2 - h**3 + 0 - 5*h - 1 + g*h. What is k(d)?
5
Let q(u) = -5 + 652*u - 326*u - 327*u. Let i = 12 - 20. What is q(i)?
3
Let v be (-1 - -5) + 4/2. Let c = 1 - -3. Let i(z) = 2 - 6 + 5*z - 2*z - c*z. Determine i(v).
-10
Let x be 7/1 - (2 - 5). Suppose -27*l = -32*l + x. Let d(c) = -2 - 2*c + 0*c + c + 2*c**2. Determine d(l).
4
Let k(x) = -5 + 3*x - x + 7*x - 3*x - 3*x. Calculate k(-6).
-23
Let r(s) = -s**2 + 2*s + 6. Suppose -17*b + 26 = 26. Determine r(b).
6
Let z(o) = 2*o**3 - 9*o**2 + 8*o + 11. Let y(m) = 3*m**3 - 17*m**2 + 16*m + 19. Let h(k) = -3*y(k) + 5*z(k). What is h(-7)?
5
Let z(f) be the second derivative of f**7/840 + f**6/72 - f**5/24 + f**4/12 - 2*f**3 + 18*f. Let x(k) be the second derivative of z(k). Calculate x(-6).
-4
Let i(k) be the third derivative of -3*k**4/8 - k**3/6 + 38*k**2 - 2*k. What is i(-1)?
8
Let j(i) = -2*i**2 + 45*i + 13. Let x(a) = -a**2 + 16*a + 5. Let m(r) = 3*j(r) - 8*x(r). What is m(-5)?
14
Let q(v) = -36*v + 10*v + 16*v + 1 + 12*v. Determine q(2).
5
Suppose -42 = 4*a - 50. Let t(v) = 4*v - 1. Suppose 0 = q + 2*q + 9. Let l(w) = -2*w. Let n(z) = q*t(z) - 5*l(z). What is n(a)?
-1
Let s(m) = -m**2 - 4*m. Let v(y) = y**3 - 12*y**2 - 16*y + 41. Let b be v(13). Suppose 0 = 3*t + t. Suppose -b*l = -t*l + 6. Determine s(l).
3
Let n(x) = 88 - x + 102 - 212 + 3*x. What is n(6)?
-10
Suppose m = -4*s - 176, 0 = -3*s + m - 38 - 87. Let c = s - -42. Let h(a) = 9*a**2. Determine h(c).
9
Let t(h) = 107*h + 219. Let f(c) = 49*c + 110. Let m(x) = 13*f(x) - 6*t(x). Give m(24).
-4
Let y(i) be the second derivative of -i**4/12 - 5*i**3/2 - 11*i**2 - 66*i. What is y(-14)?
-8
Let u = 0 - 0. Let a(p) be the first derivative of -p**4/4 + p**3/3 + p**2/2 - 5*p + 1621. Calculate a(u).
-5
Let a(s) = 7*s + 1. Let c be a(-1). Let l(m) = 479*m**2 - 6 - 5*m + 1 - 480*m**2. Determine l(c).
-11
Let x(t) = 13*t**2 + t - 10. Let a(q) = -28*q**2 - 2*q + 22. Let l(n) = -4*a(n) - 9*x(n). What is l(2)?
-20
Let d(w) = w**2 + w - 2. Let n be d(4). Let z be (n/54)/((-2)/(-6)). Let k(g) be the third derivative of 5*g**4/6 + 5*g**2. What is k(z)?
20
Let q be (-5)/(-10)*(7 - 11 - -4). Let c(s) = -1 + s - 22 + 0*s. What is c(q)?
-23
Let i(x) = -x - 6. Let h(t) = 2*t + 6. Let d(u) = -3*h(u) - 2*i(u). What is d(5)?
-26
Let r(b) = 3*b**2 - 5*b + 4. Suppose 26*k = 4*k + 88. Calculate r(k).
32
Let l(r) = -3*r + 29. Let i(a) = 2*a - 27. Let k(h) = 4*i(h) + 3*l(h). Give k(-17).
-4
Let r(y) be the second derivative of 4*y**3 - 2*y - 14. What is r(1)?
24
Let q be (-6)/(-2) - (-10 + 7). Let p(v) = v - 3*v**3 - q - 6*v**2 - 3*v**3 + 8*v**3 - v**3. What is p(6)?
0
Let b(c) = 2 - 32*c + 3 + 31*c - 36. Give b(0).
-31
Let h(d) be the third derivative of 0*d**3 + 0*d + 1/720*d**6 + 1/30*d**5 + 0 - 1/4*d**4 - d**2. Let a(z) be the second derivative of h(z). Calculate a(3).
7
Let q(f) = -7*f - 10. Let t(k) = 6*k + 10. Let u(w) = 5*q(w) + 6*t(w). Determine u(-8).
2
Let h(j) = 5 - 2*j**2 - 81*j**3 - 8 + 3*j + 77*j**3 + 2. Determine h(2).
-35
Let q(a) = -a**3 - 5*a**2 - a + 3. Let c(x) = 5*x. Let y(w) = 10*w. Let m(h) = 13*c(h) - 6*y(h). Suppose -5*g - 5 = -0*g. Let o be m(g). Calculate q(o).
8
Let m(a) = -7*a + 1. Let p(i) = i. Let o = 47 - 46. Let n(j) = o*m(j) + 6*p(j). Let t(g) = -g**3 + 2*g**2 - 2*g - 1. Let d be t(2). Give n(d).
6
Suppose 0 = -3*o + 9, 5*l + o - 43 = 5*o. Let j(a) = -a**2 + 4 + 2*a**3 + 8*a**3 - l*a**3 + 4*a**2 - 4*a. Determine j(3).
-8
Suppose -2*k + k + 5*l + 23 = 0, -k - 2*l - 12 = 0. Let r(w) = -7 + 5 + 3*w - 1 + 5*w**2 - 52*w**3 + 6 + 53*w**3. Calculate r(k).
9
Suppose -k - 3 = -11. Let f = k + -13. Let l(s) = 911*s**2 + 3*s - 1815*s**2 + 905*s**2 - 7. Determine l(f).
3
Let p(k) = k**2 + 11*k + 10. Let u = -21 - -35. Suppose -2*z + 0 = u. Give p(z).
-18
Suppose -17*o + 12 = -21*o. Let x(g) be the second derivative of -3/2*g**2 - 1/6*g**3 + 0 - 10*g. Determine x(o).
0
Suppose 0 = -3*z - 5*f + 9*f + 6, -3*z + 6 = -2*f. Let c(s) = s - 4. Determine c(z).
-2
Let i(g) = g**2 - 2*g + 1. Let f = -628 + 626. Calculate i(f).
9
Let w = 482 - 485. Let p(f) = f**3 + 5*f**2 + 4*f + 3. Give p(w).
9
Let a(t) = -5*t**3 - 2*t**2 + 2*t - 1. Suppose 0 = 4*j - 12 + 4. Suppose -j*s - 1 = -3. Determine a(s).
-6
Suppose -12*k + 104 + 4 = 0. Let z(x) = k*x - 6*x + 8*x + 10 + x**2. Give z(-9).
-8
Let u(l) be the second derivative of l**5/20 + l**4/2 - l**3/6 + 3*l**2 + 2*l. Suppose -3 - 13 = -4*a. Let y = -2 - a. What is u(y)?
12
Let j(u) = -u**2 + 5*u - 2. Suppose -3 = -2*y + 7. Suppose 7 + y = 2*p. Give j(p).
-8
Let y = 255 - 257. Let d(r) = 3*r**3 - 9*r**2 - 8*r - 8. Let q(n) = n**3 - 2*n**2 - 2*n - 2. Let z(w) = 2*d(w) - 9*q(w). Give z(y).
22
Let m = -3 - -3. Let g(w) be the first derivative of -w**2/2 + 15*w + 920. What is g(m)?
15
Let h(p) = -2*p - 5. Let s(w) = -w**2 + 21. Let j be s(4). Calculate h(j).
-15
Let h be (9/(-6))/(9/12). Let m be 0 + (-1 - (-2 + h)). Let i(v) = m*v**2 + 7*v - 1 - 16*v - v**3 + 9*v. Determine i(3).
-1
Let o(k) be the first derivative of k**4/6 + k**2/2 - 25*k - 8. Let n(m) be the first derivative of o(m). Let b(j) = j + 7. Let z be b(-5). What is n(z)?
9
Let s be (-2)/(-3) + 68/(-12). Let o = s - -6. Let d(p) be the third derivative of -p**4/12 - p**3/6 + p**2. Give d(o).
-3
Let p(o) = -3*o**2 + o + 2*o**2 - 4 + 3. Let u(g) = 3*g**2 - 5*g. Let q(j) = 4*p(j) + u(j). Determine q(0).
-4
Let h(z) = 8*z - 1 - 16*z + 7*z. Suppose 11*q = -24 - 9. Give h(q).
2
Let f(o) be the first derivative of -11*o**3/6 - 2*o + 15. Let g(t) be the first derivative of f(t). Give g(1).
-11
Let p(y) = -y**3 - y**2 + 16*y - 16. Let t be p(3). Let o(i) = i**3 + 5*i**2 + 4*i + 5. Give o(t).
5
Let t(y) = 5*y**2 - 5*y + 1. Let o(k) = -7*k**2 + 7*k. Let v(z) = 3*o(z) + 4*t(z). Give v(-3).
-8
Let b(d) = -d**2 - 6*d + 6. Let j = 2 + 3. Suppose -5*w = -2*z, -3*w + 8 - 27 = -j*z. Suppose 5*x + 22 = i - 15, -5*x - 31 = w*i. What is b(x)?
-1
Let j(i) = i**2 - i - 1. Suppose 13*q + 9 = 16*q. Let f(x) = -18 + 2*x + x**2 - q*x + 22. Let p be f(0). What is j(p)?
11
Let b be -4*(5 + (-14 - -5)/3). Let u(q) be the third derivative of q**5/60 + q**4/3 + q**3 + 3*q**2. Give u(b).
6
Let s(i) = -i - 16. Let u be 44/(-3) - ((-80)/12 - -7). Give s(u).
-1
Let p = 7 - 3. Let n(s) = -3*s**2 - 3*s. Let g(u) = -8*u**2 - 10*u + 1. Let z(i) = p*g(i) - 11*n(i). Suppose -k + 5*q - 8 = 1, 0 = 2*k + 3*q - 21. What is z(k)?
-2
Let w(p) = p**3 + 2*p**2 - 1. Suppose 20*i - 25*i = -45. Suppose -2*q + 16 = -4*q. Let r = q + i. What is w(r)?
2
Let s(l) = -7*l**3 - 2*l**2 + 4*l - 15. Let j(d) = 9*d**3 - 3*d